 c(d) = d - d - l*d + d**2. What are the prime factors of c(6)?
2, 3
Let r(c) = c**3 - c**2 + 1. Let f(a) = -14*a**3 + 3*a**2 - a + 1. Let j(i) = -f(i) - 4*r(i). What are the prime factors of j(3)?
277
Let t(w) = -w**3 - w**2 + w + 5. Suppose 0 = -8*i + 5*i. Let p be t(i). Suppose 0 = p*a - 53 - 32. What are the prime factors of a?
17
Suppose -973 = -9*h + 1412. Suppose -3*y + 455 = -h. What are the prime factors of y?
2, 3, 5
Let m be 426 + 3 + -2 + (5 - 4). What are the prime factors of (-15)/(-5) + (m - 6)?
5, 17
Let c(x) = -20*x + 51. Let k(v) = -19*v + 49. Let a(b) = 4*c(b) - 3*k(b). List the prime factors of a(-5).
2, 43
Let c = 71921 - 23558. What are the prime factors of c?
3, 7, 47
Suppose 26*q - 249217 + 15026 - 209343 = 0. What are the prime factors of q?
7, 2437
Let i(b) = -3*b - 20. Let n be i(-8). Let c = 107 - 104. Suppose n*f + x - 190 = 0, 4*x = c*f + 8*x - 136. What are the prime factors of f?
2, 3
Let f(r) = 1155*r - 956. List the prime factors of f(20).
2, 173
Let x(z) = -2*z**3 + 9*z**2 + 5*z + 3. Let b be x(5). Suppose -9*f + b*f = 0. Suppose 3*u - u - t - 157 = f, 0 = u + 2*t - 71. List the prime factors of u.
7, 11
Suppose -3*w + 3*c - 36 - 30 = 0, 3*w + 3*c + 42 = 0. List the prime factors of (-6)/w*-9 - -1115.
2, 139
Let h = 4 - -15. Let q = 21 - h. Suppose 4*t = q*t + 176. What are the prime factors of t?
2, 11
Suppose 3*m + 251 - 7454 = -2*l, -3609 = -l - 4*m. Suppose -3*k - 2*k + l = 3*n, 1442 = 2*k - 2*n. What are the prime factors of k?
2, 3, 5
Let c be (2 - (-7)/7)/((-2)/26). What are the prime factors of c/26*8/6 - -323?
3, 107
Let b(v) = 113*v**3 + 4*v**2 - v - 1. Let l be b(1). Let q = l - 97. What are the prime factors of q?
2, 3
Suppose 0*y - 9 = -y + 3*l, -11 = -y + 4*l. Suppose 0*s - s + 2 = 0. Suppose v + 64 = -0*j + 3*j, -y*j + 65 = -s*v. List the prime factors of j.
3, 7
Suppose 3*c + 13 = j, 7 = -5*j + 2*c + 33. Suppose 3*x - 9 = 0, j*x = -3*w + 386 + 559. What are the prime factors of w?
311
Let h(x) = -x**3 - 14*x**2 - 8*x - 12. Let q be 4/26 + (-788)/52. List the prime factors of h(q).
3, 37
List the prime factors of -10*(-8)/40 - -5940.
2, 2971
Let t(r) = r**3 - 11*r**2 + 21*r - 17. Suppose -3*h - 8 = -7*h. Let s be 0*(-4)/(-16) - (-20)/h. List the prime factors of t(s).
3, 31
Let u(c) = -c. Let k be u(-5). Let w be 5/(125/30) + (-245)/(-25). Suppose k*p + 42 = w*p. List the prime factors of p.
7
Suppose n + 3*p = -9, -6*n + 2*p = -3*n - 6. Suppose -106*r + 99*r + 756 = n. List the prime factors of r.
2, 3
Let u(f) = 3059*f - 3359. List the prime factors of u(17).
2, 12161
Let n = 8833 + 1409. List the prime factors of n.
2, 3, 569
Let m = -289 - -801. Let n = -169 + m. Suppose n + 293 = 3*v. What are the prime factors of v?
2, 53
Suppose -9*r + 19201 = 58. List the prime factors of r.
3, 709
Let c(v) = v**2 - 18*v + 52. Let o be c(7). What are the prime factors of (9 - 4)*(-455)/o?
7, 13
Suppose -5*b + 9 = -11. Suppose 0 = r - 0*x - 3*x - 2, -5*x = 2*r - b. Suppose r*v = 4*v - 216. List the prime factors of v.
2, 3
Let o = -13725 + 43007. What are the prime factors of o?
2, 11
Suppose -8*u - 12730 + 322 = 0. Let j = -1068 - u. What are the prime factors of j?
3, 7, 23
Suppose 95*s + 189043 - 523859 = 468409. List the prime factors of s.
5, 19, 89
Let w be 195/(-260) + (-11)/(-4). Suppose 0 = -4*n + 16, 3*n = -w*i + n + 770. List the prime factors of i.
3, 127
Suppose 3*f + 16 = -z, 4*z - 2 + 31 = -5*f. List the prime factors of (-4 - f)/(5/1090).
2, 109
Let t(s) be the second derivative of 7*s**4/4 + 5*s**3 - 3*s**2/2 - 13*s. What are the prime factors of t(-6)?
3, 191
Suppose 43*u - 49*u = -60. Let z(j) = 9*j**2 + 10*j - 96. List the prime factors of z(u).
2, 113
What are the prime factors of (-4736)/16*(-1255)/60 - 5/(-3)?
11, 563
Let n be ((-6)/(-7))/((-110)/35 + 3). What are the prime factors of (-2 + (-42)/6)*190/n?
3, 5, 19
Suppose 13*x - 28*x + 60 = 0. Suppose 52 = x*n + g - 23, 4*g = -4*n + 72. List the prime factors of n.
19
Suppose -5*u = 3*y + 614, -7*y - 372 = 3*u - 4*y. Let j = -54 - u. Suppose 2*m = 2*o + 178, m + 5*o - 28 = j. What are the prime factors of m?
2, 3, 5
Suppose 7*j = 2*q + 3*j - 12, -2*j = 0. Suppose 5*z + o - 816 = 0, -q*z + 5*o = -9*z + 494. List the prime factors of z.
163
Let o(j) = -j**3 - 70*j**2 + 32*j + 24. What are the prime factors of o(-74)?
2, 3, 5, 163
Let k(f) = 3*f**2 + 62 - 5*f**2 + 2*f + 5 + f**2. List the prime factors of k(0).
67
Let l(a) be the third derivative of 124*a**5/15 - a**4/12 + a**3/3 - 12*a**2. List the prime factors of l(1).
2, 31
Suppose -373542 = -14*c - c - 11*c. What are the prime factors of c?
3, 4789
Let i(w) = 24*w + 31. Let g be i(5). Let o(a) = g*a + 26 - 75*a - 72*a. What are the prime factors of o(0)?
2, 13
List the prime factors of (76479/(-26) + 5)/(2/(-8)) - -3.
31, 379
What are the prime factors of 35844 + -12*(-10)/90*-3?
2, 5, 7
Let j(q) = q + 4*q + 3*q - 6*q. Let k be j(5). Let x = 80 - k. What are the prime factors of x?
2, 5, 7
Let g(r) = r**2 + 811*r - 4904. Let c be g(6). Suppose q + 4*q - 2986 = 4*n, 0 = -q - 2*n + 586. What are the prime factors of q/6 - (c - 2)?
103
Suppose 4*i - 27 = -3*c, -19 = 50*c - 55*c + 2*i. List the prime factors of 94/(-1 - (-7 + c)).
2, 47
Let o = 251 - 249. Suppose -5*k - 383 = -m + 723, -m + o*k + 1103 = 0. What are the prime factors of m?
3, 367
What are the prime factors of 109/(-1090) + (-380682)/(-20)?
2, 31, 307
Let h(t) = -199*t + 1766. What are the prime factors of h(-15)?
4751
Suppose 3*r = -5*g + 79, -r + g + 23 = -6. Suppose -16*d + 4092 = r*d. What are the prime factors of d?
3, 31
Let o(f) = -25*f**3 + 6*f**2 - 30*f - 23. List the prime factors of o(-11).
2, 3, 953
Let a = -7 + 18. List the prime factors of (-54*a/(-264))/((-3)/(-1960)).
2, 3, 5, 7
Suppose 199*f - 195*f = -n + 292800, -f = 3*n - 73222. What are the prime factors of f?
2, 36599
Let s = -674 + 674. Suppose -v + 3*v - 2*y - 2952 = s, 1486 = v + y. What are the prime factors of v?
1481
Suppose -38 = 2*c - 18. Let l(h) = h**2 - 4*h - 9. List the prime factors of l(c).
131
Let u = 3411 + -518. List the prime factors of u.
11, 263
Let b = 6 - -38. Suppose -3*m + 131 = 15*h - 10*h, -5*h = -4*m + 163. Let r = b + m. What are the prime factors of r?
2, 43
Let j be ((-2456)/32)/(3 - 166/56). Let a = j + 3026. List the prime factors of a.
877
Let f be (-3)/((-49)/(-14) + -5). Suppose -18*u + 14*u + 1600 = -f*c, -2*u - 2*c = -806. What are the prime factors of u?
401
Let l be 843*((-22)/6 - (18 - 22)). Suppose -2*r - v + l + 278 = 0, r = -4*v + 290. What are the prime factors of r?
2, 139
Suppose 2*f = -f + 15. Suppose 4 + 11 = 2*l - 5*y, l - 10 = f*y. Suppose 0 = 2*j - 0 + 2, 2*h = -l*j + 57. What are the prime factors of h?
31
Let o(y) = -6654*y + 6364. What are the prime factors of o(-8)?
2, 47, 317
Suppose -99 = -2*p - 31. Suppose -p = -4*o - 6. Suppose o*r - 315 = 2*r. List the prime factors of r.
3, 7
Let v = 7720 - 1139. What are the prime factors of v?
6581
Suppose -3312 = -0*b - 4*b. Suppose -24*g + 607 = 4*t - 21*g, 4*g - 612 = -4*t. Suppose 145*r = t*r - b. What are the prime factors of r?
2, 3, 23
Let m be 3 + -6 - (-1 + 4). Let h be 2/(-2)*(0/m)/6. Suppose 0 = -2*k + r + 366, h = -4*k + r + 4*r + 744. What are the prime factors of k?
181
What are the prime factors of (-14 - 578792/(-36)) + (-8)/(-18)?
2, 251
Let z(g) = -g**3 + 15*g**2 - 32*g + 27. Let j be z(11). Let t = 239 - j. List the prime factors of t.
2, 5
Let g(h) = 5107*h - 355. List the prime factors of g(11).
2, 13, 19, 113
Let w be (-47)/((-12)/(-4) + -2). Let b be w/(-9) + 1 - 2/9. Suppose b*f - 11*f + 540 = 0. List the prime factors of f.
2, 3
Let g(v) = 2*v**3 + 76*v - 58. List the prime factors of g(22).
2, 5, 29, 79
Let q(h) = -h**2 - 15*h + 2. Let u be q(-15). Suppose -s - u*a = -56, 2*s + a - 97 = -0*a. Suppose -3*w + 2*w = -s. List the prime factors of w.
2, 23
Let z(j) = -7*j**3 - j**2 - 9*j - 2. Let s be z(-7). Suppose s = 3*a + 13. Suppose 14*u = 2606 - a. What are the prime factors of u?
3, 43
Let r = 33570 - -3831. What are the prime factors of r?
3, 7, 13, 137
Suppose 0 = g - 10*g - 369. Let h = 44 + g. Suppose -4*q = 4*v - 40, -h*q + 3*v - 5 = -q. List the prime factors of q.
5
Let p(o) = o**2 + 41*o - 565. What are the pri